nder when 859 is divided by 144?
139
Calculate the remainder when 2731 is divided by 76.
71
What is the remainder when 822 is divided by 36?
30
Calculate the remainder when 247 is divided by 84.
79
Calculate the remainder when 23 is divided by 9.
5
Calculate the remainder when 57 is divided by 18.
3
Calculate the remainder when 236 is divided by 20.
16
Calculate the remainder when 382 is divided by 118.
28
What is the remainder when 10886 is divided by 55?
51
What is the remainder when 272 is divided by 33?
8
Calculate the remainder when 368 is divided by 41.
40
What is the remainder when 59 is divided by 10?
9
What is the remainder when 399 is divided by 236?
163
Calculate the remainder when 900 is divided by 41.
39
Calculate the remainder when 637 is divided by 80.
77
Calculate the remainder when 3314 is divided by 275.
14
Calculate the remainder when 36 is divided by 24.
12
What is the remainder when 823 is divided by 32?
23
Calculate the remainder when 209 is divided by 61.
26
Calculate the remainder when 626 is divided by 14.
10
Calculate the remainder when 159 is divided by 10.
9
What is the remainder when 1402 is divided by 1392?
10
What is the remainder when 197 is divided by 29?
23
What is the remainder when 635 is divided by 3?
2
What is the remainder when 582 is divided by 65?
62
What is the remainder when 1635 is divided by 18?
15
What is the remainder when 1619 is divided by 90?
89
Calculate the remainder when 164 is divided by 24.
20
Calculate the remainder when 269 is divided by 16.
13
Calculate the remainder when 9559 is divided by 3186.
1
What is the remainder when 632 is divided by 36?
20
Calculate the remainder when 735 is divided by 511.
224
What is the remainder when 334 is divided by 108?
10
What is the remainder when 9477 is divided by 87?
81
What is the remainder when 718 is divided by 123?
103
Calculate the remainder when 255 is divided by 146.
109
Calculate the remainder when 172 is divided by 88.
84
What is the remainder when 123 is divided by 45?
33
What is the remainder when 476 is divided by 60?
56
What is the remainder when 13617 is divided by 15?
12
What is the remainder when 370 is divided by 25?
20
Calculate the remainder when 59 is divided by 13.
7
Calculate the remainder when 306 is divided by 14.
12
Calculate the remainder when 60 is divided by 38.
22
What is the remainder when 191 is divided by 6?
5
Calculate the remainder when 436 is divided by 110.
106
What is the remainder when 1373 is divided by 182?
99
Calculate the remainder when 2419 is divided by 73.
10
Calculate the remainder when 105 is divided by 30.
15
What is the remainder when 180 is divided by 31?
25
Calculate the remainder when 1519 is divided by 35.
14
Calculate the remainder when 4 is divided by 3.
1
What is the remainder when 1558 is divided by 53?
21
Calculate the remainder when 543 is divided by 26.
23
Calculate the remainder when 2317 is divided by 14.
7
Calculate the remainder when 111 is divided by 9.
3
What is the remainder when 2026 is divided by 29?
25
Calculate the remainder when 136 is divided by 28.
24
Calculate the remainder when 1503 is divided by 116.
111
What is the remainder when 1019 is divided by 146?
143
What is the remainder when 2821 is divided by 281?
11
Calculate the remainder when 485 is divided by 18.
17
Calculate the remainder when 3859 is divided by 32.
19
What is the remainder when 214 is divided by 121?
93
What is the remainder when 148 is divided by 3?
1
Calculate the remainder when 2026 is divided by 39.
37
Calculate the remainder when 38 is divided by 5.
3
Calculate the remainder when 1918 is divided by 17.
14
What is the remainder when 2239 is divided by 556?
15
What is the remainder when 3957 is divided by 90?
87
What is the remainder when 743 is divided by 24?
23
What is the remainder when 286 is divided by 156?
130
Calculate the remainder when 82 is divided by 25.
7
Calculate the remainder when 263 is divided by 96.
71
Calculate the remainder when 49 is divided by 11.
5
Calculate the remainder when 263 is divided by 79.
26
What is the remainder when 116 is divided by 41?
34
Calculate the remainder when 502 is divided by 164.
10
Calculate the remainder when 106 is divided by 30.
16
What is the remainder when 3699 is divided by 1848?
3
What is the remainder when 196 is divided by 13?
1
Calculate the remainder when 9 is divided by 2.
1
Calculate the remainder when 589 is divided by 220.
149
What is the remainder when 953 is divided by 160?
153
Calculate the remainder when 894 is divided by 886.
8
Calculate the remainder when 789 is divided by 160.
149
Calculate the remainder when 85 is divided by 30.
25
What is the remainder when 149 is divided by 39?
32
What is the remainder when 82 is divided by 22?
16
Calculate the remainder when 232 is divided by 111.
10
What is the remainder when 186 is divided by 49?
39
What is the remainder when 3012 is divided by 301?
2
Calculate the remainder when 794 is divided by 254.
32
Calculate the remainder when 239 is divided by 48.
47
What is the remainder when 134 is divided by 10?
4
What is the remainder when 468 is divided by 100?
68
What is the remainder when 732 is divided by 8?
4
What is the remainder when 4820 is divided by 59?
41
Calculate the remainder when 138 is divided by 13.
8
Calculate the remainder when 307 is divided by 23.
8
Calculate the remainder when 646 is divided by 8.
6
Calculate the remainder when 5597 is divided by 17.
4
What is the remainder when 3372 is divided by 20?
12
What is the remainder when 238 is divided by 12?
10
Calculate the remainder when 4222 is divided by 13.
10
What is the remainder when 154 is divided by 32?
26
What is the remainder when 3959 is divided by 44?
43
Calculate the remainder when 237 is divided by 34.
33
What is the remainder when 171 is divided by 33?
6
Calculate the remainder when 264 is divided by 19.
17
Calculate the remainder when 104 is divided by 8.
0
What is the remainder when 220 is divided by 12?
4
Calculate the remainder when 463 is divided by 158.
147
Calculate the remainder when 109 is divided by 31.
16
What is the remainder when 919 is divided by 443?
33
Calculate the remainder when 366 is divided by 25.
16
Calculate the remainder when 494 is divided by 15.
14
What is the remainder when 10919 is divided by 163?
161
Calculate the remainder when 271 is divided by 6.
1
Calculate the remainder when 6186 is divided by 34.
32
What is the remainder when 273 is divided by 5?
3
What is the remainder when 582 is divided by 6?
0
Calculate the remainder when 1442 is divided by 231.
56
What is the remainder when 65 is divided by 19?
8
What is the remainder when 48 is divided by 38?
10
Calculate the remainder when 358 is divided by 67.
23
Calculate the remainder when 81 is divided by 10.
1
What is the remainder when 88 is divided by 31?
26
What is the remainder when 19 is divided by 5?
4
What is the remainder when 17 is divided by 7?
3
What is the remainder when 1572 is divided by 224?
4
Calculate the remainder when 185 is divided by 27.
23
What is the remainder when 69 is divided by 7?
6
What is the remainder when 4008 is divided by 6?
0
Calculate the remainder when 3624 is divided by 42.
12
What is the remainder when 126 is divided by 14?
0
Calculate the remainder when 894 is divided by 222.
6
Calculate the remainder when 311 is divided by 23.
12
What is the remainder when 125 is divided by 8?
5
What is the remainder when 129 is divided by 12?
9
Calculate the remainder when 619 is divided by 109.
74
What is the remainder when 26444 is divided by 43?
42
Calculate the remainder when 132 is divided by 35.
27
What is the remainder when 1294 is divided by 54?
52
What is the remainder when 10226 is divided by 165?
161
What is the remainder when 239 is divided by 197?
42
Calculate the remainder when 31322 is divided by 35.
32
Calculate the remainder when 152 is divided by 78.
74
What is the remainder when 639 is divided by 78?
15
Calculate the remainder when 8960 is divided by 5.
0
Calculate the remainder when 905 is divided by 130.
125
Calculate the remainder when 719 is divided by 120.
119
What is the remainder when 61 is divided by 48?
13
Calculate the remainder when 473 is divided by 230.
13
What is the remainder 